. List the prime factors of q.
2, 41
Let b = 621 + -269. What are the prime factors of b?
2, 11
Suppose 5*n + 2660 - 12140 = 5*k, -5684 = -3*n + 2*k. What are the prime factors of n?
2, 11, 43
Let i(n) = -n**3 + 8*n**2 - 8*n + 12. Let j be i(7). Suppose -2*t + j*a = -123, -3*a - 60 = -0*t - t. List the prime factors of t.
3, 23
Let j = -61 - -62. What are the prime factors of (-9)/3 + j + 157?
5, 31
Let d(t) = -20 - 6 + 16*t + 2*t. What are the prime factors of d(10)?
2, 7, 11
Suppose 8*z - 2156 = -6*z. List the prime factors of z.
2, 7, 11
Let y(p) = -10*p**3 - 2*p**2 - 3*p - 3. Let w be y(-2). Suppose 0 = -3*s + 3*b + w, -s + 2*s = -3*b + 5. Suppose 0*d = -d + s. List the prime factors of d.
2, 5
Let f(o) = 3*o**2 - 8*o + 7. Let d = 35 + -32. What are the prime factors of f(d)?
2, 5
Let g be (864/5 - 3) + 2/10. Let a = -26 + g. List the prime factors of a.
2, 3
Suppose 25*z = 4842 + 15908. List the prime factors of z.
2, 5, 83
Let l(y) = -y**3 + 9*y**2 - 4*y + 3. Let d(w) = -w**3 - 6*w**2 + 6*w - 3. Let v be d(-7). Let h be l(v). Suppose 4*m = -19 + h. List the prime factors of m.
2, 3
Suppose -a + 1 = 2*p + 7, 0 = -5*a + 5*p. Let w be 6 + (a - (-1)/1). Suppose w*s - 203 = -4*x, 4*x = -0*s - s + 207. What are the prime factors of x?
2, 13
Let n be (-1)/(-4) - (-130)/(-40). What are the prime factors of 1 + (n*(1 + -2) - 0)?
2
Let g be (-4)/(-26) - (-1)/((-52)/3700). What are the prime factors of (g - 4/4)*2/(-3)?
2, 3
Suppose 38852 = 5697*a - 5686*a. What are the prime factors of a?
2, 883
Suppose 18*k - 22653 = -2745. List the prime factors of k.
2, 7, 79
Suppose -6*x + 40 = 10. Suppose x*s - 96 = 2*s. What are the prime factors of s?
2
Let g be (10/6)/((-5)/(-15)). Suppose -5*h - g*t + 75 + 255 = 0, -63 = -h - 2*t. What are the prime factors of h?
3, 23
Let t = -2 + 5. Suppose -t*x + 120 = 3*z, 0 = -2*z - 3*z - 4*x + 202. Let y = -23 + z. List the prime factors of y.
19
Let k be 1*(5 - 3) - 32. Let r be (-6)/(-45) - (-4)/k. Suppose r = -6*x + 2*x + 40. What are the prime factors of x?
2, 5
Let z(p) = 8*p**2 + 32*p - p**3 - 16*p - 11 - 5*p. List the prime factors of z(9).
7
Suppose 7*w + 58 = i + 2*w, 3*i - 5*w = 154. Let y = i + 5. What are the prime factors of y?
53
Suppose -633*h = -619*h - 69650. What are the prime factors of h?
5, 199
Let l = -96 + 195. Let k(b) = -b**2 - 5*b. Let g be k(-5). What are the prime factors of l/3 - 3 - g?
2, 3, 5
Suppose -2580 + 57895 = 37*q. List the prime factors of q.
5, 13, 23
Let h(g) = -4*g**3 + 3*g**2 + 3*g + 8. Let v be h(-4). Suppose 4*y = -20, v = -a + 3*a + 4*y. List the prime factors of a.
2, 5
Let q(u) = 142*u**2 - 8*u - 1. What are the prime factors of q(-1)?
149
List the prime factors of 14 + -5 + -3 - -618.
2, 3, 13
List the prime factors of (-1276)/(-5) + (-1)/(11 + -6).
3, 5, 17
Let n = 9 - 12. Let r(h) = -2*h**3 - 5*h**2 - 2*h - 1. Let w be r(n). Suppose 0 = 3*c - w - 34. What are the prime factors of c?
2
Suppose 0 = 4*l - 4*q - 1216, -l + 4*q = 4*l - 1518. What are the prime factors of l?
2, 151
Let a(l) = -2*l**2 - 14*l + 15. Let z be a(-13). Let c = 209 + z. List the prime factors of c.
2, 17
Let h = -2510 + 4740. List the prime factors of h.
2, 5, 223
Let n = -6 - -14. Let o = 10 - n. Suppose -2*h + 7*h - 53 = o*u, 3*h + 2*u = 19. List the prime factors of h.
3
Let c(r) = -3*r + 4. Let p(t) = -t + 9. Let m be p(5). Suppose m*k = -0*k - 28. What are the prime factors of c(k)?
5
List the prime factors of 6 + -8 + (248 - 11).
5, 47
Suppose -w + 684 + 1 = 0. What are the prime factors of w?
5, 137
Let i(v) be the first derivative of -v**4/2 - 7*v**3 + 5*v**2 + 21*v + 13. What are the prime factors of i(-11)?
2
Suppose 0 = -2*v + 2*q + 6, -q = -2*v - 5*q + 6. What are the prime factors of v/(15/20) - -113?
3, 13
Let p be (-12)/(-42) + (-44)/7. Let n be p/(2568/(-644) + 4). What are the prime factors of ((-4)/(-6))/((-14)/n)?
23
Let i(j) = 22*j**2 - 9. List the prime factors of i(-3).
3, 7
Suppose 4*i + 24 = 5*q, 0*i - 3*i - 4*q = 18. Let z(h) = -h**2 - 5 + 9 - 3*h + 2*h**2 + 0*h**2. What are the prime factors of z(i)?
2, 29
What are the prime factors of (((-3)/6)/(-1))/((-5)/(-20550))?
3, 5, 137
Suppose w + 2171 = 5*b, 465 + 1702 = 5*b + 3*w. List the prime factors of b.
2, 7, 31
Let y(x) = -x**2 + 14*x + 3. Let g be y(14). Let n(a) = 17*a**g - 2*a + 5 + 0*a**3 - 4. List the prime factors of n(1).
2
Let q(d) = d**3 - 13*d**2 + 11*d + 17. Let i be q(12). Suppose -3*u + t - 24 = -8*u, -16 = u - i*t. List the prime factors of u.
2
Suppose 2*d - 12 = -8. Suppose d*h - 45 + 19 = 0. What are the prime factors of h?
13
Let a = -26 - -29. Suppose -2*m = 2*m - a*i - 688, -5*m + 5*i = -860. List the prime factors of m.
2, 43
Suppose -32*a - 13260 = -36*a. What are the prime factors of a?
3, 5, 13, 17
Let o(m) = 58*m**2 - 9*m - 2. List the prime factors of o(5).
23, 61
Let p = -29 + 217. List the prime factors of p.
2, 47
List the prime factors of (-11052)/(-6) + (-54)/(-9).
2, 3, 7, 11
Suppose 0 = 5*f + 7*s - 9*s - 5611, 4*s = -f + 1131. What are the prime factors of f?
1123
Suppose -r + 4 = 4*x, 0 = 2*r - 4*x - 0*x + 4. Suppose 3*z + 6 - 3 = r. List the prime factors of 25 - (z + -2 + 5).
23
Suppose -1412 = -8*q + 4*q - 4*o, 2*o = q - 344. What are the prime factors of q?
2, 5, 7
Suppose -q - 3*q + 16 = 0. Let z(n) = -109*n + 766. Let o be z(7). Suppose -o*x + q*x - 10 = -3*j, -3*j = -4*x + 25. List the prime factors of x.
7
Suppose 8*q = 13*q + 4635. What are the prime factors of ((2 + -4)/(-6))/((-3)/q)?
103
Let c(f) = 209*f + 515. List the prime factors of c(24).
5531
Let x(k) = 7*k**2 - 11*k - 55. What are the prime factors of x(-6)?
263
Suppose -4*h + 3*h = 32. Let q be 10*4*(-4)/h. Let f = q - -2. What are the prime factors of f?
7
Suppose 0*m = m - 2*p - 64, -m + p = -59. Suppose -m = -5*c - 9. List the prime factors of c.
3
Let c(o) = -30*o + 4. Let y be c(-3). Let q(v) = v**2 - 17*v + 22. Let s be q(17). Suppose s*j = 20*j + y. What are the prime factors of j?
47
What are the prime factors of 8 + (-252)/35 - 21671/(-5)?
3, 5, 17
Let o(k) = -k**2 + 82*k - 287. What are the prime factors of o(45)?
2, 13, 53
Suppose 1155*v - 1144*v = 16742. What are the prime factors of v?
2, 761
Let m(v) = 480*v**3 + 1. Let p be m(1). Let t = 704 - p. List the prime factors of t.
223
Let b = 1536 - 865. What are the prime factors of b?
11, 61
Let f(g) be the second derivative of 1/3*g**3 + 3*g + 0 - 9/2*g**2. What are the prime factors of f(10)?
11
Let q = 1755 - 1667. List the prime factors of q.
2, 11
Suppose 0 = -4*y + 18 - 6. Suppose -2*d = y*d. Suppose -5*g + 54 + 11 = d. What are the prime factors of g?
13
Let c(s) be the first derivative of -s + 1/2*s**2 - s**3 - 7 + 2*s**4. What are the prime factors of c(2)?
53
Let x(i) = 150*i - 593. What are the prime factors of x(14)?
11, 137
Let f(u) be the second derivative of -13*u**3/3 + 7*u**2/2 - 5*u. What are the prime factors of f(-2)?
59
Let y = 94 - 104. What are the prime factors of y/((-8)/12 + 1/(-3))?
2, 5
Suppose -174 = -3*u + 69. What are the prime factors of u?
3
Let b = -182 - -299. List the prime factors of b.
3, 13
Let m(c) = -c**3 + 16*c**2 - 33*c + 17. Let y be m(13). Suppose -3*q - p + 130 = -195, 3*p = q - y. What are the prime factors of q?
107
Let u(y) = y**3 + 4*y**2 + 2. Let m be u(-4). Suppose 0 = -5*b + q + 109, -m*q - 2*q = b - 26. What are the prime factors of b?
2, 11
Let i be 5*44/60*51. Let j(l) = l + 9. Let o be j(-4). Suppose -o*x - 42 + i = 0. List the prime factors of x.
29
Let c(v) = -5*v + 11. Let w be c(1). Suppose 0 = 2*n - w*n + 196. List the prime factors of n.
7
Let s(j) = -j**2 + j + 3. Suppose -2*i = 13 - 9. Let o be (-3 - -3)/(i + 0). What are the prime factors of s(o)?
3
Suppose 2*q - 5*u - 16 - 39 = 0, -5*q + 2*u + 85 = 0. Let j(h) = -h**2 - 13*h - 30. Let n be j(-9). Let m = q + n. List the prime factors of m.
3, 7
Let o = -2589 - -1803. What are the prime factors of (-6)/21 + o/(-7)?
2, 7
Let i(z) = -2*z**3 - 12*z**2 - 10*z + 13. What are the prime factors of i(-8)?
349
Suppose -5*a + 3*g - 756 = 191, 5*g + 765 = -4*a. Let t = a + 273. List the prime factors of t.
83
Let l = 104 - 95. List the prime factors of (507/l)/(3/9).
13
Let z(h) = -h**3 - 7*h**2 + 4*h - 3. Let o be z(-7). Let p = -7 - o. Let a = 